{"id":2727,"date":"2023-07-02T17:59:41","date_gmt":"2023-07-02T22:59:41","guid":{"rendered":"https:\/\/www.erservices.com.co\/?post_type=product&#038;p=2727"},"modified":"2023-07-02T18:00:03","modified_gmt":"2023-07-02T23:00:03","slug":"hdmi-version-2-0-4k-cod-80151-7-metros","status":"publish","type":"product","link":"https:\/\/www.erservices.com.co\/index.php\/producto\/hdmi-version-2-0-4k-cod-80151-7-metros\/","title":{"rendered":"Hdmi version 2.0 4k cod 80151 7 metros"},"content":{"rendered":"<p>Cable HDMI enmallado de 7 metros. Alta calidad para transferencia de audio y v\u00eddeo digital. Compatible con todo tipo de reproductor de v\u00eddeo y consolas de videojuegos. Imagen de referencia.<\/p>\n<p><strong>Caracter\u00edsticas espec\u00edficas:<\/strong><\/p>\n<ul>\n<li>Marca:\u00a0Gen\u00e9rico<\/li>\n<li>Modelo:\u00a0Cable HDMI enmallado<\/li>\n<li>Conector de entrada:\u00a0HDMI<\/li>\n<li>Conector de salida:\u00a0HDMI<\/li>\n<li>Largo del cable:\u00a010 m<\/li>\n<li>Cantidad de conectores de entrada:\u00a01<\/li>\n<li>Cantidad de conectores de salida:\u00a01<\/li>\n<\/ul>\n","protected":false},"excerpt":{"rendered":"<p>Cable HDMI enmallado de 7 metros. Alta calidad para transferencia de audio y v\u00eddeo digital. Compatible con todo tipo de reproductor de v\u00eddeo y consolas de videojuegos. Imagen de referencia. Caracter\u00edsticas espec\u00edficas: Marca:\u00a0Gen\u00e9rico Modelo:\u00a0Cable HDMI enmallado Conector de entrada:\u00a0HDMI Conector de salida:\u00a0HDMI Largo del cable:\u00a010 m Cantidad de conectores de entrada:\u00a01 Cantidad de conectores de [&hellip;]<\/p>\n","protected":false},"featured_media":2728,"comment_status":"open","ping_status":"closed","template":"","meta":{"om_disable_all_campaigns":false,"_monsterinsights_skip_tracking":false,"_monsterinsights_sitenote_active":false,"_monsterinsights_sitenote_note":"","_monsterinsights_sitenote_category":0,"site-sidebar-layout":"default","site-content-layout":"default","ast-site-content-layout":"default","site-content-style":"default","site-sidebar-style":"default","ast-global-header-display":"","ast-banner-title-visibility":"","ast-main-header-display":"","ast-hfb-above-header-display":"","ast-hfb-below-header-display":"","ast-hfb-mobile-header-display":"","site-post-title":"","ast-breadcrumbs-content":"","ast-featured-img":"","footer-sml-layout":"","theme-transparent-header-meta":"default","adv-header-id-meta":"","stick-header-meta":"","header-above-stick-meta":"","header-main-stick-meta":"","header-below-stick-meta":"","astra-migrate-meta-layouts":"default","ast-page-background-enabled":"default","ast-page-background-meta":{"desktop":{"background-color":"var(--ast-global-color-4)","background-image":"","background-repeat":"repeat","background-position":"center center","background-size":"auto","background-attachment":"scroll","background-type":"","background-media":"","overlay-type":"","overlay-color":"","overlay-opacity":"","overlay-gradient":""},"tablet":{"background-color":"","background-image":"","background-repeat":"repeat","background-position":"center center","background-size":"auto","background-attachment":"scroll","background-type":"","background-media":"","overlay-type":"","overlay-color":"","overlay-opacity":"","overlay-gradient":""},"mobile":{"background-color":"","background-image":"","background-repeat":"repeat","background-position":"center center","background-size":"auto","background-attachment":"scroll","background-type":"","background-media":"","overlay-type":"","overlay-color":"","overlay-opacity":"","overlay-gradient":""}},"ast-content-background-meta":{"desktop":{"background-color":"var(--ast-global-color-5)","background-image":"","background-repeat":"repeat","background-position":"center center","background-size":"auto","background-attachment":"scroll","background-type":"","background-media":"","overlay-type":"","overlay-color":"","overlay-opacity":"","overlay-gradient":""},"tablet":{"background-color":"var(--ast-global-color-5)","background-image":"","background-repeat":"repeat","background-position":"center center","background-size":"auto","background-attachment":"scroll","background-type":"","background-media":"","overlay-type":"","overlay-color":"","overlay-opacity":"","overlay-gradient":""},"mobile":{"background-color":"var(--ast-global-color-5)","background-image":"","background-repeat":"repeat","background-position":"center center","background-size":"auto","background-attachment":"scroll","background-type":"","background-media":"","overlay-type":"","overlay-color":"","overlay-opacity":"","overlay-gradient":""}},"_joinchat":[]},"product_brand":[],"product_cat":[36,24],"product_tag":[],"class_list":{"0":"post-2727","1":"product","2":"type-product","3":"status-publish","4":"has-post-thumbnail","6":"product_cat-cable-hdmi","7":"product_cat-redes","8":"desktop-align-center","9":"tablet-align-left","10":"mobile-align-left","12":"first","13":"instock","14":"shipping-taxable","15":"purchasable","16":"product-type-simple"},"aioseo_notices":[],"_links":{"self":[{"href":"https:\/\/www.erservices.com.co\/index.php\/wp-json\/wp\/v2\/product\/2727","targetHints":{"allow":["GET"]}}],"collection":[{"href":"https:\/\/www.erservices.com.co\/index.php\/wp-json\/wp\/v2\/product"}],"about":[{"href":"https:\/\/www.erservices.com.co\/index.php\/wp-json\/wp\/v2\/types\/product"}],"replies":[{"embeddable":true,"href":"https:\/\/www.erservices.com.co\/index.php\/wp-json\/wp\/v2\/comments?post=2727"}],"wp:featuredmedia":[{"embeddable":true,"href":"https:\/\/www.erservices.com.co\/index.php\/wp-json\/wp\/v2\/media\/2728"}],"wp:attachment":[{"href":"https:\/\/www.erservices.com.co\/index.php\/wp-json\/wp\/v2\/media?parent=2727"}],"wp:term":[{"taxonomy":"product_brand","embeddable":true,"href":"https:\/\/www.erservices.com.co\/index.php\/wp-json\/wp\/v2\/product_brand?post=2727"},{"taxonomy":"product_cat","embeddable":true,"href":"https:\/\/www.erservices.com.co\/index.php\/wp-json\/wp\/v2\/product_cat?post=2727"},{"taxonomy":"product_tag","embeddable":true,"href":"https:\/\/www.erservices.com.co\/index.php\/wp-json\/wp\/v2\/product_tag?post=2727"}],"curies":[{"name":"wp","href":"https:\/\/api.w.org\/{rel}","templated":true}]}}