{"id":2418,"date":"2023-04-05T20:43:30","date_gmt":"2023-04-06T01:43:30","guid":{"rendered":"https:\/\/www.erservices.com.co\/?post_type=product&#038;p=2418"},"modified":"2023-04-05T20:58:40","modified_gmt":"2023-04-06T01:58:40","slug":"tarjeta-de-red-inalambrica-1-antena-pci-tp-link","status":"publish","type":"product","link":"https:\/\/www.erservices.com.co\/index.php\/producto\/tarjeta-de-red-inalambrica-1-antena-pci-tp-link\/","title":{"rendered":"Tarjeta de Red Inal\u00e1mbrica 1 Antena PCI TP LINK"},"content":{"rendered":"<p>&#8211; Velocidad inal\u00e1mbrica N de hasta 300 Mbps es ideal para la difusi\u00f3n de v\u00eddeo, juegos en l\u00ednea y las llamadas por Internet.<\/p>\n<p>&#8211; La tecnolog\u00eda MIMO con mayor fuerza la penetraci\u00f3n de la se\u00f1al, mayor cobertura inal\u00e1mbrica, proporcionando un mejor rendimiento y estabilidad.<\/p>\n<p>&#8211; F\u00e1cil configuraci\u00f3n de una conexi\u00f3n inal\u00e1mbrica de alta seguridad con QSS \u2122 (Configuraci\u00f3n de seguridad r\u00e1pida).<\/p>\n<p>Encripciones WPA\/WPA2: Est\u00e1ndares de encriptaci\u00f3n WPA\/WPA2 garantizan que la conexi\u00f3n inal\u00e1mbrica est\u00e1 a salvo de intrusos.<\/p>\n<p>Antenas Desmontables: Las antenas pueden ser reemplazada por otras antenas para mayor cobertura inal\u00e1mbrica.<\/p>\n<p>F\u00e1cil Configuraci\u00f3n: O bien mediante el asistente de interfaz de usuario y la configuraci\u00f3n optimizada o el asistente de configuraci\u00f3n de CD (incluido) le permitir\u00e1 obtener &#8216;online&#8217; de forma r\u00e1pida y sencilla.<\/p>\n","protected":false},"excerpt":{"rendered":"<p>&#8211; Velocidad inal\u00e1mbrica N de hasta 300 Mbps es ideal para la difusi\u00f3n de v\u00eddeo, juegos en l\u00ednea y las llamadas por Internet. &#8211; La tecnolog\u00eda MIMO con mayor fuerza la penetraci\u00f3n de la se\u00f1al, mayor cobertura inal\u00e1mbrica, proporcionando un mejor rendimiento y estabilidad. &#8211; F\u00e1cil configuraci\u00f3n de una conexi\u00f3n inal\u00e1mbrica de alta seguridad con [&hellip;]<\/p>\n","protected":false},"featured_media":2420,"comment_status":"open","ping_status":"closed","template":"","meta":{"om_disable_all_campaigns":false,"_monsterinsights_skip_tracking":false,"_monsterinsights_sitenote_active":false,"_monsterinsights_sitenote_note":"","_monsterinsights_sitenote_category":0,"site-sidebar-layout":"default","site-content-layout":"default","ast-site-content-layout":"default","site-content-style":"default","site-sidebar-style":"default","ast-global-header-display":"","ast-banner-title-visibility":"","ast-main-header-display":"","ast-hfb-above-header-display":"","ast-hfb-below-header-display":"","ast-hfb-mobile-header-display":"","site-post-title":"","ast-breadcrumbs-content":"","ast-featured-img":"","footer-sml-layout":"","theme-transparent-header-meta":"default","adv-header-id-meta":"","stick-header-meta":"","header-above-stick-meta":"","header-main-stick-meta":"","header-below-stick-meta":"","astra-migrate-meta-layouts":"default","ast-page-background-enabled":"default","ast-page-background-meta":{"desktop":{"background-color":"var(--ast-global-color-4)","background-image":"","background-repeat":"repeat","background-position":"center center","background-size":"auto","background-attachment":"scroll","background-type":"","background-media":"","overlay-type":"","overlay-color":"","overlay-opacity":"","overlay-gradient":""},"tablet":{"background-color":"","background-image":"","background-repeat":"repeat","background-position":"center center","background-size":"auto","background-attachment":"scroll","background-type":"","background-media":"","overlay-type":"","overlay-color":"","overlay-opacity":"","overlay-gradient":""},"mobile":{"background-color":"","background-image":"","background-repeat":"repeat","background-position":"center center","background-size":"auto","background-attachment":"scroll","background-type":"","background-media":"","overlay-type":"","overlay-color":"","overlay-opacity":"","overlay-gradient":""}},"ast-content-background-meta":{"desktop":{"background-color":"var(--ast-global-color-5)","background-image":"","background-repeat":"repeat","background-position":"center center","background-size":"auto","background-attachment":"scroll","background-type":"","background-media":"","overlay-type":"","overlay-color":"","overlay-opacity":"","overlay-gradient":""},"tablet":{"background-color":"var(--ast-global-color-5)","background-image":"","background-repeat":"repeat","background-position":"center center","background-size":"auto","background-attachment":"scroll","background-type":"","background-media":"","overlay-type":"","overlay-color":"","overlay-opacity":"","overlay-gradient":""},"mobile":{"background-color":"var(--ast-global-color-5)","background-image":"","background-repeat":"repeat","background-position":"center center","background-size":"auto","background-attachment":"scroll","background-type":"","background-media":"","overlay-type":"","overlay-color":"","overlay-opacity":"","overlay-gradient":""}},"_joinchat":[]},"product_brand":[],"product_cat":[40,24],"product_tag":[],"class_list":{"0":"post-2418","1":"product","2":"type-product","3":"status-publish","4":"has-post-thumbnail","6":"product_cat-adaptador-convertidores","7":"product_cat-redes","8":"desktop-align-center","9":"tablet-align-left","10":"mobile-align-left","12":"first","13":"instock","14":"shipping-taxable","15":"purchasable","16":"product-type-simple"},"aioseo_notices":[],"_links":{"self":[{"href":"https:\/\/www.erservices.com.co\/index.php\/wp-json\/wp\/v2\/product\/2418","targetHints":{"allow":["GET"]}}],"collection":[{"href":"https:\/\/www.erservices.com.co\/index.php\/wp-json\/wp\/v2\/product"}],"about":[{"href":"https:\/\/www.erservices.com.co\/index.php\/wp-json\/wp\/v2\/types\/product"}],"replies":[{"embeddable":true,"href":"https:\/\/www.erservices.com.co\/index.php\/wp-json\/wp\/v2\/comments?post=2418"}],"wp:featuredmedia":[{"embeddable":true,"href":"https:\/\/www.erservices.com.co\/index.php\/wp-json\/wp\/v2\/media\/2420"}],"wp:attachment":[{"href":"https:\/\/www.erservices.com.co\/index.php\/wp-json\/wp\/v2\/media?parent=2418"}],"wp:term":[{"taxonomy":"product_brand","embeddable":true,"href":"https:\/\/www.erservices.com.co\/index.php\/wp-json\/wp\/v2\/product_brand?post=2418"},{"taxonomy":"product_cat","embeddable":true,"href":"https:\/\/www.erservices.com.co\/index.php\/wp-json\/wp\/v2\/product_cat?post=2418"},{"taxonomy":"product_tag","embeddable":true,"href":"https:\/\/www.erservices.com.co\/index.php\/wp-json\/wp\/v2\/product_tag?post=2418"}],"curies":[{"name":"wp","href":"https:\/\/api.w.org\/{rel}","templated":true}]}}