{"id":2391,"date":"2023-04-04T21:05:25","date_gmt":"2023-04-05T02:05:25","guid":{"rendered":"https:\/\/www.erservices.com.co\/?post_type=product&#038;p=2391"},"modified":"2023-04-05T09:40:39","modified_gmt":"2023-04-05T14:40:39","slug":"adaptador-12v-3a-punta-5525","status":"publish","type":"product","link":"https:\/\/www.erservices.com.co\/index.php\/producto\/adaptador-12v-3a-punta-5525\/","title":{"rendered":"Adaptador 12v 3A Punta 5,5*2,5"},"content":{"rendered":"<p>Adaptador de voltaje de 12V a 3A, especialmente usada como alimentaci\u00f3n de una buena gama de Boards Arduino, Router, M\u00f3dem, c\u00e1maras de seguridad (sistema CCTV).<\/p>\n<p>1x\u00a0Adaptador De Voltaje 12V 3A Con Conector Jack 5.5&#215;2.5 mm<\/p>\n<table style=\"height: 246px\" width=\"759\">\n<tbody>\n<tr>\n<td>Voltaje de entrada<\/td>\n<td>100\/240 VAC<\/td>\n<\/tr>\n<tr>\n<td>Frecuencia de operaci\u00f3n<\/td>\n<td>50\/60 Hz<\/td>\n<\/tr>\n<tr>\n<td>Voltaje de salida<\/td>\n<td>12 VDC<\/td>\n<\/tr>\n<tr>\n<td>Corriente de salida m\u00e1xima<\/td>\n<td>3 A<\/td>\n<\/tr>\n<tr>\n<td>Precisi\u00f3n de tensi\u00f3n<\/td>\n<td>\u00b1 5% (sin carga)<\/td>\n<\/tr>\n<tr>\n<td>Socket conector<\/td>\n<td>Jack 5.5&#215;2.5 mm(Compatible con Jack 5.5&#215;2.1 mm)<\/td>\n<\/tr>\n<tr>\n<td>Longitud del cable<\/td>\n<td>100 cm<\/td>\n<\/tr>\n<\/tbody>\n<\/table>\n","protected":false},"excerpt":{"rendered":"<p>Adaptador de voltaje de 12V a 3A, especialmente usada como alimentaci\u00f3n de una buena gama de Boards Arduino, Router, M\u00f3dem, c\u00e1maras de seguridad (sistema CCTV). 1x\u00a0Adaptador De Voltaje 12V 3A Con Conector Jack 5.5&#215;2.5 mm Voltaje de entrada 100\/240 VAC Frecuencia de operaci\u00f3n 50\/60 Hz Voltaje de salida 12 VDC Corriente de salida m\u00e1xima 3 [&hellip;]<\/p>\n","protected":false},"featured_media":2398,"comment_status":"open","ping_status":"closed","template":"","meta":{"om_disable_all_campaigns":false,"_monsterinsights_skip_tracking":false,"_monsterinsights_sitenote_active":false,"_monsterinsights_sitenote_note":"","_monsterinsights_sitenote_category":0,"site-sidebar-layout":"default","site-content-layout":"default","ast-site-content-layout":"default","site-content-style":"default","site-sidebar-style":"default","ast-global-header-display":"","ast-banner-title-visibility":"","ast-main-header-display":"","ast-hfb-above-header-display":"","ast-hfb-below-header-display":"","ast-hfb-mobile-header-display":"","site-post-title":"","ast-breadcrumbs-content":"","ast-featured-img":"","footer-sml-layout":"","theme-transparent-header-meta":"default","adv-header-id-meta":"","stick-header-meta":"","header-above-stick-meta":"","header-main-stick-meta":"","header-below-stick-meta":"","astra-migrate-meta-layouts":"default","ast-page-background-enabled":"default","ast-page-background-meta":{"desktop":{"background-color":"var(--ast-global-color-4)","background-image":"","background-repeat":"repeat","background-position":"center center","background-size":"auto","background-attachment":"scroll","background-type":"","background-media":"","overlay-type":"","overlay-color":"","overlay-opacity":"","overlay-gradient":""},"tablet":{"background-color":"","background-image":"","background-repeat":"repeat","background-position":"center center","background-size":"auto","background-attachment":"scroll","background-type":"","background-media":"","overlay-type":"","overlay-color":"","overlay-opacity":"","overlay-gradient":""},"mobile":{"background-color":"","background-image":"","background-repeat":"repeat","background-position":"center center","background-size":"auto","background-attachment":"scroll","background-type":"","background-media":"","overlay-type":"","overlay-color":"","overlay-opacity":"","overlay-gradient":""}},"ast-content-background-meta":{"desktop":{"background-color":"var(--ast-global-color-5)","background-image":"","background-repeat":"repeat","background-position":"center center","background-size":"auto","background-attachment":"scroll","background-type":"","background-media":"","overlay-type":"","overlay-color":"","overlay-opacity":"","overlay-gradient":""},"tablet":{"background-color":"var(--ast-global-color-5)","background-image":"","background-repeat":"repeat","background-position":"center center","background-size":"auto","background-attachment":"scroll","background-type":"","background-media":"","overlay-type":"","overlay-color":"","overlay-opacity":"","overlay-gradient":""},"mobile":{"background-color":"var(--ast-global-color-5)","background-image":"","background-repeat":"repeat","background-position":"center center","background-size":"auto","background-attachment":"scroll","background-type":"","background-media":"","overlay-type":"","overlay-color":"","overlay-opacity":"","overlay-gradient":""}},"_joinchat":[]},"product_brand":[],"product_cat":[41,27],"product_tag":[],"class_list":{"0":"post-2391","1":"product","2":"type-product","3":"status-publish","4":"has-post-thumbnail","6":"product_cat-cargadores","7":"product_cat-computadores","8":"desktop-align-center","9":"tablet-align-left","10":"mobile-align-left","12":"first","13":"instock","14":"shipping-taxable","15":"purchasable","16":"product-type-simple"},"aioseo_notices":[],"_links":{"self":[{"href":"https:\/\/www.erservices.com.co\/index.php\/wp-json\/wp\/v2\/product\/2391","targetHints":{"allow":["GET"]}}],"collection":[{"href":"https:\/\/www.erservices.com.co\/index.php\/wp-json\/wp\/v2\/product"}],"about":[{"href":"https:\/\/www.erservices.com.co\/index.php\/wp-json\/wp\/v2\/types\/product"}],"replies":[{"embeddable":true,"href":"https:\/\/www.erservices.com.co\/index.php\/wp-json\/wp\/v2\/comments?post=2391"}],"wp:featuredmedia":[{"embeddable":true,"href":"https:\/\/www.erservices.com.co\/index.php\/wp-json\/wp\/v2\/media\/2398"}],"wp:attachment":[{"href":"https:\/\/www.erservices.com.co\/index.php\/wp-json\/wp\/v2\/media?parent=2391"}],"wp:term":[{"taxonomy":"product_brand","embeddable":true,"href":"https:\/\/www.erservices.com.co\/index.php\/wp-json\/wp\/v2\/product_brand?post=2391"},{"taxonomy":"product_cat","embeddable":true,"href":"https:\/\/www.erservices.com.co\/index.php\/wp-json\/wp\/v2\/product_cat?post=2391"},{"taxonomy":"product_tag","embeddable":true,"href":"https:\/\/www.erservices.com.co\/index.php\/wp-json\/wp\/v2\/product_tag?post=2391"}],"curies":[{"name":"wp","href":"https:\/\/api.w.org\/{rel}","templated":true}]}}